{"id":19,"date":"2011-07-14T13:29:06","date_gmt":"2011-07-14T13:29:06","guid":{"rendered":"http:\/\/kurt-henschel.prignitz-museum.de\/?page_id=19"},"modified":"2021-08-20T19:57:55","modified_gmt":"2021-08-20T17:57:55","slug":"aktuelles-und-empfehlenswerte-links","status":"publish","type":"page","link":"https:\/\/kurt-henschel.prignitz-museum.de\/?page_id=19","title":{"rendered":"Aktuelles &#038; empfehlenswerte Links"},"content":{"rendered":"\n<p>Prignitz-Museum am Dom Havelberg<br>29. Mai \u2013 03. Oktober 2021 &#8211; <a href=\"https:\/\/kurt-henschel.prignitz-museum.de\/?p=185\">SONDERAUSSTELLUNG<\/a> ZUM 100. GEBURTSTAG DES MALERS KURT HENSCHEL<\/p>\n\n\n\n<p><a title=\"Prignitz-Museum Havelberg am Dom\" href=\"http:\/\/www.prignitz-museum.de\" target=\"_blank\" rel=\"noopener\">Prignitz-Museum am Dom Havelberg<\/a><br>16. Juli &#8211; 18. September 2011<br>KOSMOS PROVINZ Kurt Henschel zum Neunzigsten<\/p>\n\n\n\n<p>Ausstellungsgespr\u00e4ch am 17. September 2011<\/p>\n\n\n\n<div class=\"wp-block-image\"><figure class=\"alignleft\"><img decoding=\"async\" src=\"https:\/\/kurt-henschel.prignitz-museum.de\/wp-content\/uploads\/2011\/07\/Katalog-Kurt-Henschel-Ausstellung-Kosmos-Provinz-2011-Prignitz-Museum-Havelberg-300p.jpg\" alt=\"Ausstellung-Kosmos-Provinz-Kurt-Henschel-zum-Neunzigsten-2011-Prignitz-Museum-Havelberg\" class=\"wp-image-78\" title=\"Katalog-Kurt-Henschel-Ausstellung-Kosmos-Provinz-2011-Prignitz-Museum-Havelberg-300p\"\/><\/figure><\/div>\n\n\n\n<p>Zur Er\u00f6ffnung der Sonderaustellung am Sonnabend, den 16. Juli 2011, um 15.00 Uhr l\u00e4dt das Prignitz-Museum am Dom Havelberg Sie und Ihre Freunde herzlich ein.<\/p>\n\n\n\n<p>Das Prignitz-Museum Havelberg, an dem <a title=\"Kurt Henschel, K\u00fcnstler, Maler und Grafiker\" href=\"https:\/\/kurt-henschel.prignitz-museum.de\/kurt-henschel-kuenstler-maler-und-grafiker\/\">Kurt Henschel<\/a> von 1955 bis 1986 auch als Museumsleiter wirkte, ehrt mit dieser Ged\u00e4chtnisausstellung einen geachteten Kollegen und K\u00fcnstler aus Anlass seines 90. Geburtstages, der zu den bedeutendsten Vertretern seiner Generation z\u00e4hlt. Es war jene Generation, die trotz ideologischer und politischer Schranken wesentliche Grundlagen f\u00fcr die differenzierten und vielgestaltigen Entwicklungen der bildenden K\u00fcnste beider deutscher Staaten in der zweiten H\u00e4lfte des 20. Jahrhunderts legte.<\/p>\n\n\n\n<p>Dem Havelberger Kurt Henschel, Jahrgang 1921, war es dar\u00fcber hinaus verg\u00f6nnt, bis in das erste Jahrzehnt des neuen Jahrhunderts, das gleichzeitig ein neues Jahrtausend einleitet, einen wesentlichen und k\u00fcnstlerisch eigenst\u00e4ndigen Beitrag zu leisten.<\/p>\n\n\n\n<p>Werke f\u00fcr eine konzentrierte Ausstellung aus dem Nachlass des K\u00fcnstlers Kurt Henschel auszuw\u00e4hlen, erscheint wie ein Griff mit verbundenen Augen in eine \u00fcbervolle Schatztruhe. Schlie\u00dflich umfasst das \u0152uvre nach vorsichtigen Sch\u00e4tzungen mehrere tausend malerische, zeichnerische sowie grafische Arbeiten. Gleichwohl wird die Exposition einen repr\u00e4sentativen Einblick in die Genesis eines \u00fcber sechzig Jahre w\u00e4hrenden unerm\u00fcdlichen Schaffens geben.<\/p>\n\n\n\n<p>Der Schwerpunkt der Ausstellung liegt dabei auf dem Alterswerk, das Kurt Henschel als einen herausragenden Erben der Moderne des 20. Jahrhunderts ausweist sowie auf den wichtigsten Stationen des Weges, die ihn dahin f\u00fchrten.<\/p>\n\n\n\n<p>Anl\u00e4sslich der Ausstellung ist ein repr\u00e4sentativer Katalog erh\u00e4ltlich. Sie k\u00f6nnen diese Publikation \u00fcber den Museumsshop des Prignitz-Museums am Dom Havelberg beziehen.<br>(<a title=\"Ausstellungskatalog KOSMOS PROVINZ Kurt Henschel zum Neunzigsten beim Prignitz-Museum am Dom Havelberg bestellen\" href=\"http:\/\/www.prignitz-museum.de\/publikationen.html\" target=\"_blank\" rel=\"noopener\">hier klicken zum Ausstellungskatalog<\/a>)<\/p>\n\n\n\n<div class=\"wp-block-image size-full wp-image-33\"><figure class=\"alignleft\"><img decoding=\"async\" src=\"https:\/\/kurt-henschel.prignitz-museum.de\/wp-content\/uploads\/2011\/07\/havelberg-kurator-jakobson-ausstellung-kurt-henschel-prignitz-museum.jpg\" alt=\"havelberg-kurator-jakobson-ausstellung-kurt-henschel-prignitz-museum\" class=\"wp-image-33\"\/><figcaption>Kurator Hans-Peter Jakobson bei der Vorbereitung der Sonderausstellung im Havelberger Prignitz-Museum<\/figcaption><\/figure><\/div>\n\n\n\n<p>14.07.2011 Artikel der Havelberger Volksstimme zur Vorbereitung der Sonderausstellung im Prignitz-Museum am Dom Havelberg und zum Schaffen von Kurt Henschel<a href=\"..\/wp-content\/uploads\/2011\/07\/Sonderausstellung_Kosmos-Provinz_wird-am-Sonnabend-eroeffnet_Prignitz-Museum-wuerdigt-das-Schaffen-von-Kurt-Henschel_Volksstimme14072011.pdf\" target=\"_blank&quot;\" rel=\"noopener\"><br>als pdf-Datei im neuen Fenster<\/a><\/p>\n\n\n\n<p>27.05.2011 Artikel der Havelberger Volksstimme anl\u00e4sslich des 90. Geburtstages von Kurt Henschel<br><a href=\"https:\/\/kurt-henschel.prignitz-museum.de\/wp-content\/uploads\/2011\/07\/27052011-90-geburtstag-kurt-henschel-volksstimme-havelberg.pdf\" target=\"_blank\" rel=\"noopener\">als pdf-Datei im neuen Fenster<\/a><\/p>\n\n\n\n<p>14.10.2009 Artikel im Dosse-Express (Region Prignitz) zur Leihgabe des Bildes &#8222;Bischof Anselm&#8220;, gemalt von Kurt Henschel, aus den H\u00e4nden der Havelberger Katholischen Gemeinde an das Prignitz-Museum am Dom Havelberg<a href=\"https:\/\/kurt-henschel.prignitz-museum.de\/wp-content\/uploads\/2011\/07\/141009_dosseexpress_Bild_Anselm.pdf\" target=\"_blank\" rel=\"noopener\"><br>als pdf-Datei im neuen Fenster<\/a><\/p>\n","protected":false},"excerpt":{"rendered":"<p>Prignitz-Museum am Dom Havelberg29. Mai \u2013 03. Oktober 2021 &#8211; SONDERAUSSTELLUNG ZUM 100. GEBURTSTAG DES MALERS KURT HENSCHEL Prignitz-Museum am Dom Havelberg16. Juli &#8211; 18. September 2011KOSMOS PROVINZ Kurt Henschel zum Neunzigsten Ausstellungsgespr\u00e4ch am 17. September 2011 Zur Er\u00f6ffnung der Sonderaustellung am Sonnabend, den 16. Juli 2011, um 15.00 Uhr l\u00e4dt das Prignitz-Museum am Dom &hellip; <a href=\"https:\/\/kurt-henschel.prignitz-museum.de\/?page_id=19\" class=\"more-link\"><span class=\"screen-reader-text\">Aktuelles &#038; empfehlenswerte Links<\/span> weiterlesen <span class=\"meta-nav\">&rarr;<\/span><\/a><\/p>\n","protected":false},"author":1,"featured_media":0,"parent":0,"menu_order":2,"comment_status":"closed","ping_status":"open","template":"","meta":{"footnotes":""},"class_list":["post-19","page","type-page","status-publish","hentry"],"aioseo_notices":[],"publishpress_future_action":{"enabled":false,"date":"2026-05-11 21:46:49","action":"Draft","newStatus":"draft","terms":[],"taxonomy":"","extraData":[]},"publishpress_future_workflow_manual_trigger":{"enabledWorkflows":[]},"_links":{"self":[{"href":"https:\/\/kurt-henschel.prignitz-museum.de\/index.php?rest_route=\/wp\/v2\/pages\/19","targetHints":{"allow":["GET"]}}],"collection":[{"href":"https:\/\/kurt-henschel.prignitz-museum.de\/index.php?rest_route=\/wp\/v2\/pages"}],"about":[{"href":"https:\/\/kurt-henschel.prignitz-museum.de\/index.php?rest_route=\/wp\/v2\/types\/page"}],"author":[{"embeddable":true,"href":"https:\/\/kurt-henschel.prignitz-museum.de\/index.php?rest_route=\/wp\/v2\/users\/1"}],"replies":[{"embeddable":true,"href":"https:\/\/kurt-henschel.prignitz-museum.de\/index.php?rest_route=%2Fwp%2Fv2%2Fcomments&post=19"}],"version-history":[{"count":4,"href":"https:\/\/kurt-henschel.prignitz-museum.de\/index.php?rest_route=\/wp\/v2\/pages\/19\/revisions"}],"predecessor-version":[{"id":192,"href":"https:\/\/kurt-henschel.prignitz-museum.de\/index.php?rest_route=\/wp\/v2\/pages\/19\/revisions\/192"}],"wp:attachment":[{"href":"https:\/\/kurt-henschel.prignitz-museum.de\/index.php?rest_route=%2Fwp%2Fv2%2Fmedia&parent=19"}],"curies":[{"name":"wp","href":"https:\/\/api.w.org\/{rel}","templated":true}]}}